). Calculate x(y).
15
Let p(f) = -3*f**3 - 55*f**2 - 14*f + 65. Let z be p(-18). Let j(m) = -m**3 - 7*m**2 + m - 2. Calculate j(z).
-9
Let w(c) be the third derivative of -c**6/120 + c**5/12 + 5*c**4/24 + 2*c**3/3 - 551*c**2 - 2*c. Determine w(6).
-2
Suppose -6 = 4*n + 2, -h - n = 0. Suppose -5*y + 20 = -y + 2*z, y - 5 = -h*z. Let p(j) = -j**3 + 6*j**2 - 6*j - 1. What is p(y)?
-6
Let c(x) = 5*x + 6. Let g(n) = 6*n + 2. Let j(t) = 9*c(t) - 8*g(t). What is j(9)?
11
Let d(n) = -3*n**2 - 4*n - 3. Let z be d(-2). Suppose 5*x - 99 + 20 = -3*q, -3*x - 2*q = -48. Let f(r) = 11 - 30 + 9 + r + x. Determine f(z).
-3
Let b(k) = -1. Let m(l) = l + 5. Let x(j) = -3*b(j) - m(j). Let a(g) = 4*g**2 - 8*g + 14. Let s be a(2). Suppose s*q = 16*q - 6. Calculate x(q).
-5
Let q(b) = b**3 - 7*b**2 + 2*b - 2. Let k be (0 - 5)*(-108)/90. Calculate q(k).
-26
Let l(a) = -90585*a**2 - 2*a**3 + 32*a + 39 - 13 + 90528*a**2 + 43. Calculate l(-29).
-18
Let q(g) be the third derivative of g**4/24 - 9*g**3/2 + 9166*g**2. What is q(17)?
-10
Let w(a) = -a**2 - 20*a - 18. Let c be w(-14). Let s = c - 51. Let n(t) = 4 - s + t + 4. Determine n(10).
3
Let t(f) = f**2 + 3*f - 1. Let h be (1 - 0)/(-2 - 2885/(-1440)). Let v = -292 + h. What is t(v)?
3
Let d(c) = c**3 + 6*c**2 - c - 4. Let k be d(-6). Let x(b) = 5*b - k*b + 8 - b. Let q be 336/32*1/((-18)/12). Give x(q).
-6
Let h(l) = 2*l**2 + 1 - 1071674*l**3 - 4*l + 2 + 1071729*l**3. What is h(1)?
56
Let g(q) = -q. Let z(y) = 2*y + 23. Let s be (1 - (3 + -4) - 3)*-1. Let c(d) = s*z(d) + 3*g(d). Let p be c(15). Let k(a) = -2*a + 12. Give k(p).
-4
Suppose -5*z + 25 = 0, -3*z + 7*z - 26 = 2*s. Let g be (s/(-2))/(14/28). Let w(c) = -c**2 + 2*c - 1. Give w(g).
-4
Let c = -24600 - -24595. Let m(f) = f**2 + 10*f + 11. What is m(c)?
-14
Let y be -3 + 5 + (-3 - -4). Let d(q) = -2071*q**3 - 11*q**2 + 2072*q**y + 11*q - 2*q + 6. What is d(10)?
-4
Let s(v) = v**2 - v. Let w(k) = k**3 + 12*k**2 + k + 21. Let c be w(-12). Suppose 0 = -c*a - 9. What is s(a)?
2
Let m(x) = -2*x**3 + x**2 - 2. Let n(v) = -v**3 - 4*v**2 - 6*v. Let k = 322 + -321. Let p(y) = k*m(y) - n(y). Suppose -5 = -2*r + 7. Give p(r).
-2
Suppose -16 - 17 = -11*c. Let x(k) = 10*k - 2*k**2 + k**c - 10 - 6*k**2 + 3*k**2 - 5*k**2. Give x(9).
-1
Let a(v) be the third derivative of -v**4/24 + 15*v**2 + v. Let l(b) = -b**2 + 2*b - 2. Let y(z) = a(z) - l(z). Give y(5).
12
Let s be ((-4)/(-6))/(34/561). Let z(v) = 4*v**2 - 13*v + 7. Let h(r) = -11*r**2 + 39*r - 22. Let n(y) = 3*h(y) + 8*z(y). What is n(s)?
12
Let t(i) = -i**2 - i + 9. Let k = 268 - 504. Let m = 236 + k. Give t(m).
9
Let g(q) be the second derivative of -q**5/20 - 23*q**4/12 + 8*q**2 - 5274*q. What is g(-23)?
16
Let y = 55 + -56. Let s be 7 + -2 + -1 + 0 + y. Let a(k) = 7*k**2 - 11*k**3 + 4*k**3 + 4*k**3 + 4*k**s. What is a(-7)?
0
Let p(q) be the second derivative of q**5/20 + 3*q**4/4 + 10*q**3/3 - 2*q**2 - 3512*q. Determine p(-6).
-16
Let x(o) = -o**2 + 7*o + 1. Let l be 0 + -2 + (-15)/(-3) + -3. Suppose -10 = -2*q, 4*h + 2*q + l*q + 218 = 0. Let j = 62 + h. Give x(j).
11
Suppose 0 = -82*r + 18*r + 384. Let x(z) = z**3 - 3*z**2 - 22*z + 30. Determine x(r).
6
Let m = 6013 + -6028. Let c(s) = s - 3. Calculate c(m).
-18
Let y = -2132 + 12793/6. Let z(r) be the third derivative of 0 - 7*r**2 - y*r**4 - 1/10*r**5 + 5/6*r**3 + 0*r - 1/120*r**6. Calculate z(-5).
0
Let x be (3 - 3)/(-2) + 3. Let g(m) = 9*m - 3*m + x + 5 - m**2. Suppose 3 = 3*s, 2*k + 4*s + 17 = 33. Calculate g(k).
8
Let k(s) = 3185*s - 28666. Let l be k(9). Let n(y) = 0*y - y + 0*y - 25*y**2. Give n(l).
-24
Let l(s) be the third derivative of 1/12*s**5 + 13*s**2 + 0 + 0*s + 0*s**4 + 1/3*s**3 + 1/120*s**6. Calculate l(-5).
2
Let o(y) = y + 9. Let h be o(-4). Suppose -5*u = -u + 5*l - 35, -3*u - h*l = -30. Let g(f) = -4*f + 7. Determine g(u).
-13
Let q(u) = u**2 + 2*u - 5. Let n(v) = -v**2 - 12*v - 17. Let f be n(-10). Suppose f*g + 1 + 9 = j, 4*g = -2*j. Suppose -10*p = j + 46. Give q(p).
10
Let a = -57 + 58. Let o(x) = 4*x - a - 2 + x. Let c(d) = 14*d - 9. Let s(f) = 4*c(f) - 11*o(f). Give s(8).
5
Let u(h) be the second derivative of -3*h**3/2 - 53*h**2 + 6*h + 27. Determine u(-11).
-7
Let v(y) = 5*y. Suppose -3*p - 2*p + 20 = 0. Let g be (0 - (4 + -11)) + -4. Suppose 0 = -4*m - 0*m + g*t - 8, p*t - 15 = m. Determine v(m).
5
Let k(f) = -3*f**2 + 13*f - 43. Let y(z) = -2*z**2 + 11*z - 35. Let p(a) = -3*k(a) + 4*y(a). Calculate p(-8).
13
Let q(r) be the first derivative of -r**5/120 - r**4/12 + 4*r**3/3 - 3*r + 30. Let j(y) be the third derivative of q(y). Let t = -19 - -12. Determine j(t).
5
Let o(q) = q**3 - 16*q**2 + 32*q - 59. Let y be o(14). Let s(g) = 3*g**2 + 2*g + 1. Give s(y).
22
Let t(c) = -6*c**2. Let r(j) = -j**3 + 7*j**2 + 3*j - 9. Let s be r(7). Let k(w) = w**2 - 11*w - 15. Let q be k(s). Let x be (1/(1 + 0))/(3/q). Determine t(x).
-6
Let l = -1521 + 1679. Let q(w) = -24*w + 10*w + w**2 + 5*w + 164 - l. Let j(r) = 10*r - 1. Let n be j(1). What is q(n)?
6
Let b(i) = 6*i**2 + 29*i. Let r be b(-5). Let a(m) = 16*m + 2*m**2 - 6*m - r - 5*m - 8*m + 2. Determine a(4).
17
Let b(m) = 18 + 5 + 20 - 13 + 2*m - 6 - 2. Let c(s) = -s**3 + 3*s**2 + 2*s + 2. Let q be c(4). What is b(q)?
10
Let q be -12*(-1*2 - ((-2)/(-6) + -3)). Let r(t) be the third derivative of -t**6/120 - 7*t**5/60 + 3*t**4/8 + t**3/3 - 5*t**2. Calculate r(q).
-6
Let o(n) = -206*n - 205*n - 208*n + 22 + 626*n - 110. What is o(13)?
3
Let v be 6 + 3*1/3. Suppose 0 = t - v + 1. Let a(x) = x**3 - 7*x**2 - x + 6. Let w(q) = -q**2 - q + 1. Let g(m) = a(m) - w(m). Give g(t).
5
Let o = 6 + -8. Let n(t) = 3*t**3 + 9*t**2 + t - 4. Let d(s) = 8*s**3 + 25*s**2 + 3*s - 11. Let g(k) = -4*d(k) + 11*n(k). Give g(o).
-10
Suppose -35*j - 9158 = -4*j - 9251. Let p(q) = -2 + 3*q + q**3 - 4*q**2 + 2*q - 3*q. What is p(j)?
-5
Suppose 21*u + 86 + 19 = 42*u. Let n(i) = -i**3 + 8*i**2 - 13*i + 12. Determine n(u).
22
Let n(m) = m**2 + 4*m - 5. Suppose -3 = -6*b + 27. Suppose -2*r + 3*r = y - 7, -5*y = 5*r + b. Suppose t - 5*a + 4 = 0, 0 = -2*t + t + y*a - 4. Calculate n(t).
-5
Let y(l) be the second derivative of 8*l**3/3 + 34*l**2 - 501*l. What is y(-4)?
4
Let f(t) be the second derivative of 0 - 1/2*t**3 + 1/2*t**2 + 7*t. Let s be (15/(-45))/(1/12). Give f(s).
13
Let m(u) = -u**3 + 7*u**2 - 7*u. Let z be m(6). Suppose -3*w + 2*s + 2 = -6, w - 5 = 3*s. Let j(c) = 82 - 48 + 3*c - 38 + c**w. What is j(z)?
14
Let s(i) = 147*i + 1021. Let f be s(-7). Let x(a) = -1. Let g(l) = -l - 22. Let d(o) = -g(o) + 5*x(o). Give d(f).
9
Let n(a) = -1 - 9*a + 5 - 2. Let i(g) = -g**2 + 3 - 25 + 49*g - 8 - 37*g. Let b be i(8). Give n(b).
-16
Suppose -2*d - 5 = k, -72 = -53*k + 57*k - 5*d. Let l(n) = -n**2 - 15*n - 38. Give l(k).
-12
Let s(g) = -5*g**2 - 3*g + 20. Let z(j) = j**2 - 4*j - 1. Let l(o) = s(o) + 4*z(o). Determine l(-19).
16
Suppose -860 = 5*y - 5*f, 2*y + 4*f + 33 + 323 = 0. Let q = y - -179. Let o(s) = -3*s + 3. Give o(q).
-12
Let s(x) = 28*x**2 + 41. Let r(b) = -5*b**2 - 8. Let i(l) = -2*l**2 - 22*l + 54. Let p be i(-13). Let c(y) = p*s(y) + 11*r(y). Give c(-2).
-2
Let c = 92 - 87. Let m(j) = -6*j + 32. Let p be m(c). Let w(r) = -2*r**3 + 3*r - 1. Determine w(p).
-11
Let p(u) = -826*u - 1578 + 1588 + 825*u + u**3 + 10*u**2. What is p(-11)?
-100
Let o(c) be the second derivative of -1/20*c**5 - 11/6*c**3 + 0 + 76*c + 2*c**2 + 11/12*c**4. Determine o(10).
-6
Let c(o) = 2*o**2 - 10*o - 8. Let f be c(5). Let m be f/20 + 477/(-45). Let t(w) = 2*w + 13. Calculate t(m).
-9
Let z(o) be the third derivative of o**4/4 + 4*o**3/3 - 32*o**2 - 1. Let x(p) = 5*p + 4. Let l(q) = 5*x(q) - 4*z(q). Determine l(4).
-8
Let w be ((-9)/(-6))/(3/4). Let o be w/(-2) - 0/(-2). Let a(z) be the third derivative of z**5/10 - z**4/12 - z**3/6 - 104*z**2 - z. Determine a(o).
7
Let v(i) be the first derivative of 1/3*i**3 + 3/2*i**2 + 9 - 7*i. Determine v(-6).
11
Let i(y) be the second derivative of 4*y**5/15 - y**4/12 + y**3/6 - y**2/2 + 25*y. Let a(u) be the first derivative of i(u). Suppose 2*d + 199 = 201. Give a(d).
15
Let t(v) = -4*v + 15. Let y be t(9). Let l be ((-7)/y)/(4/(-48)). Let r(x) = -x**2 - 4*x - 4. Calculate r(l).
-4
Let g(l) = 18*l**3 - 8*l**2 - l - 4. Let z(q) = 21*q**3 - 10*q**2 - 2*q - 5. Let p(c) = 4*g(c) - 3*z(c). What is p(2)?
6